late the remainder when p is divided by 8.
6
Suppose 0*k - 3*k + 52 = 2*t, 70 = 4*k + 3*t. Suppose k = 17*z - 52. What is the remainder when 17 is divided by z?
1
Suppose -5*t + 369 = -4*j, 2 - 22 = -5*j. Calculate the remainder when 2925 is divided by t.
76
Let n(b) = 263*b + 23939. Suppose -2*l - 3*y + 26 = 2*l, 2*y + 36 = 4*l. Calculate the remainder when l is divided by n(-91).
2
Let l = 5170 - 4793. Calculate the remainder when l is divided by 46.
9
Let v(a) = 3*a**3 - 3*a**2 - a - 4. Let c be v(3). Let j = c + -43. Suppose 9*k - 4*k - 64 = -4*o, 0 = -o - j. What is the remainder when 92 is divided by k?
12
Let c(h) = 2*h**3 - 12*h**2 + 39*h - 278. What is the remainder when c(10) is divided by 56?
16
Let o(d) = 47*d - 5. Calculate the remainder when o(4) is divided by 40348/693 - (-2)/36*-4.
9
Let s(y) = 102*y - 2156. What is the remainder when s(23) is divided by 144?
46
Calculate the remainder when 467 is divided by -7*(-15 + 7 + 6).
5
Suppose 41*c - 578 = 447. Let l(u) = u**2 - 15*u - 207. What is the remainder when 555 is divided by l(c)?
39
Let q be 279/(-12) + 2/8. Let n = 4 - q. Suppose 129*o - 381 = 651. Calculate the remainder when n is divided by o.
3
Let c be (-5916)/(-170) + (-2)/(-10). Let h be 4/8*12*3. Let d = c - h. Calculate the remainder when 26 is divided by d.
9
Let u(i) = -22*i**3 - 13*i**2 - 8*i + 5. Calculate the remainder when 14673 is divided by u(-1).
21
Let t(w) = -3*w + 14. Let l(i) = -7*i + 29. Let x(v) = 6*l(v) - 11*t(v). Let a be x(4). Let b = 34 + a. Calculate the remainder when 50 is divided by b.
14
Suppose -53*l + 4789 = -1357 - 6415. Calculate the remainder when l is divided by 6 + 1 + -7 + 6.
3
Let x(b) = -5515*b + 758. Calculate the remainder when x(-3) is divided by 84.
83
Let k = -424 - -635. Suppose 91 = -12*b + k. Calculate the remainder when 36 is divided by b.
6
Let z = 629 + -457. Calculate the remainder when 376 is divided by z.
32
Suppose -22*w = -25*w - 702. Let y = w - -258. Calculate the remainder when 139 is divided by y.
19
Let p = -522 - -525. Suppose 5*a = 5*h - 130 - 60, 2*h - p*a - 76 = 0. Calculate the remainder when 264 is divided by h.
36
Let b = -110 + 168. Suppose 2359 - b = 13*d. Calculate the remainder when d is divided by 36.
33
Let z = 1951 + -1931. What is the remainder when 778 is divided by z?
18
Suppose 5*j + 0*j - 9 = 3*w, -5*w = -3*j - 1. Suppose -9*c - 80 = -5*t - 4*c, w*c - 2 = 0. Calculate the remainder when 117 is divided by t.
15
What is the remainder when (9/2)/((-1 - -8) + (-241359)/34486) is divided by 190?
189
Let v = 4115 - 3872. Calculate the remainder when v is divided by 60.
3
Let m(r) = -r**2 + 11*r + 11. What is the remainder when m(10) is divided by 19?
2
Suppose -118 = -5*q + 122. Suppose 0 = -10*k - 838 + 1788. What is the remainder when k is divided by q?
47
Let c(o) = -4*o + 30. Let s be 10 + 0*(-4)/20. Let p be c(s). Let z = 25 + p. Calculate the remainder when 27 is divided by z.
12
What is the remainder when 3219 is divided by (-1)/(8/56*7)*-46?
45
Let o = -24601 - -24610. Let c = 10 + -16. Let m(t) = 2*t**2 + 7*t + 2. What is the remainder when m(c) is divided by o?
5
Let j = 34 + 113. Let g = -134 + j. Calculate the remainder when g is divided by 2*10/8*2.
3
Let m = -8865 + 9880. Calculate the remainder when m is divided by 288.
151
Let h be (-198)/(-63) - (-1)/(-7). Suppose -h*n + 4 = -65. Let i = n + 5. Calculate the remainder when i is divided by 15.
13
Suppose 29*b - 366 - 98 = 0. Let y = 43 + b. Calculate the remainder when y is divided by 35.
24
What is the remainder when 1008 is divided by -201 + 449 - ((-1)/(-4) + 5/(-4))?
12
Suppose -a = -6*a + 1530. Let v = -296 + a. What is the remainder when v is divided by 220/35 + 2/(-7)?
4
Let c = -294 - -311. Let l(n) = n**3 + 24*n**2 - 75*n - 94. Calculate the remainder when l(-26) is divided by c.
11
Let c be (-6 + (-20 - -11))*4/10. Suppose -2*j + 240 = -j. Calculate the remainder when (j/25)/(c/(-40)) is divided by 22.
20
Let d be (0 - 1)/(((-1)/(-55))/1). Let u = -46 - d. Suppose u*f - 270 = 108. Calculate the remainder when f is divided by 11.
9
Let j be 92/20 + 15/(-25). What is the remainder when 22 is divided by 1 - (3 - j)*16?
5
Let c(d) = -d**3 - 16*d**2 + 56*d - 9. Let k be c(-19). Suppose 4*y + 11*l - k*l = 177, 5*y + l - 222 = 0. What is the remainder when y is divided by 14?
3
What is the remainder when 2814 is divided by 11/(12/(-32) - ((-44)/(-32))/(-1))?
9
Suppose 0 = -293*o + 624572 - 105376. What is the remainder when o is divided by 356?
348
Suppose -33*f + 26341 = -686. What is the remainder when (f/(-36))/(-13)*1*92 is divided by 33?
29
Let p = -351 + 353. Suppose -5*d + 81 = -z, -3*d + p*d + 3*z = -19. Suppose -5*b + 36 = -2*j - 0*j, -6 = 2*j. Calculate the remainder when d is divided by b.
4
Let h be ((-275)/(-22) - 11)*172/(-6). Let p = 14 - h. Calculate the remainder when 452 is divided by p.
53
Let s = 24 + -23. Let f(a) = -a**3 + 3*a**2 + 6*a - 7. Calculate the remainder when f(4) is divided by s.
0
Let i(y) = 8*y - 40. Let o be i(7). Let a = -44 + 61. Suppose -15*t + o*t - a = 0. What is the remainder when 60 is divided by t?
9
Suppose -45722 - 11038 = -15*r. Suppose 0 = -5*y + 984 - r. Calculate the remainder when 74 is divided by ((y/49)/2)/((-4)/14).
14
Let m = -183 - -86. Let n = 127 + m. Suppose 0 = 3*r - n - 9. What is the remainder when 51 is divided by r?
12
Let k = 141 - 68. Let r = -154 + 158. Suppose -80 = -4*b - 4*j, -r*j + 2*j = -4*b + 80. What is the remainder when k is divided by b?
13
Let d = -476 + 551. Suppose -5*u - f = -d, -u + 14*f = 13*f - 9. Calculate the remainder when 194 is divided by u.
12
Let p = 137 - 152. What is the remainder when 79 is divided by 4/(7 + 100/p)?
7
Suppose -5*z = -28*g + 24*g - 45, 0 = 4*z - 4*g - 40. Suppose 0 = -z*f - 2*j + 1159, 3*f + 11*j - 695 = 10*j. Calculate the remainder when f is divided by 60.
51
Let c(m) = -m - 20. Let z(h) = 3*h + 61. Let s(v) = 11*c(v) + 4*z(v). What is the remainder when s(-13) is divided by 5?
1
Let c(l) = 108*l**2 - 398*l + 4533. What is the remainder when c(11) is divided by 232?
231
Suppose 28*z - 23*z = -130. Let k = -4 - z. Calculate the remainder when (2 - 3)/(1/(-131)) is divided by k.
21
Let j = 389 - 397. What is the remainder when 19/(j/(-4*6)) is divided by 19?
0
Let m(j) = -j**3 + 3*j + 1. Let z be (3/(-2))/((-27)/(-54)). What is the remainder when m(z) is divided by 0 + (-4)/(8/(-22))?
8
Suppose -100*z + 10*z + 36752 = -5368. What is the remainder when z is divided by 13?
0
Suppose 2*w + p - 108 = 399, 246 = w - p. Suppose 2912*i + 96 = 4*s + 2914*i, 5*s = 4*i + 172. What is the remainder when w is divided by s?
27
Calculate the remainder when -1*(-1 - (-2 + 42)) is divided by (-2 - (-62)/10)/((17712/(-480))/(-123)).
13
Let r = -69 - -600. Let k = r + -196. Calculate the remainder when k is divided by 31.
25
Suppose 2*f - 10 = 0, 0*w + 3*w = -5*f + 112. Let b(p) = p**2 - 12*p + 7. What is the remainder when b(-7) is divided by w?
24
Suppose 0 = 19*y + 5*i - 339, -4*y + 120 = 12*i - 15*i. What is the remainder when 2*5*(2 - -8) is divided by y?
16
Suppose 3*z - 78 = 4*l + 4*z, -3*z = 5*l + 94. Let f be 4 - (l/(-8))/(3/(-6)). What is the remainder when 33 is divided by ((-3)/f)/(1 + 116/(-114))?
14
Let q = -24 + 49. Suppose -3*l = -5*k + 13, 7*k - 8*k + 11 = -2*l. Calculate the remainder when (-139)/(-3) + (5 - (-26)/l) is divided by q.
22
Suppose 2*c - 4425 = -3*t, 30*t - 31*t + 2*c + 1483 = 0. What is the remainder when t is divided by 136?
117
Let o = -311 + 85. Let s = o + 317. What is the remainder when s is divided by 50?
41
Suppose 4*l - 3*s - 97 = 0, -3*l = s - 17 - 46. Let b = 31 - l. What is the remainder when (b + 3)*(-10)/(-8) is divided by 5?
0
Let s(i) = -17*i - 2. Let o be s(0). Calculate the remainder when 304 is divided by 0*o/4 - 244/(-4).
60
Let p = 1158 - -1356. Suppose p = 19*d - 165. What is the remainder when d is divided by 26?
11
Let r(w) = -w**3 - 3*w**2 + 4. Let j(d) = -3*d**3 - d**2 + d - 1. Let f be j(1). Calculate the remainder when (2/(-6))/((-10)/1170) is divided by r(f).
19
Suppose b - 6 = 5*n - 27, 1 = n - b. Suppose r - n*r = 2*i - 16, 4 = -r. Let q(g) = g**2 + 2*g - 6. What is the remainder when q(-8) is divided by i?
10
Suppose -5*r -